 6760669
List the prime factors of 116743235.
5, 7, 83, 5741
What are the prime factors of 1369363547?
1369363547
List the prime factors of 19389634.
2, 11, 211, 4177
List the prime factors of 253997226.
2, 3, 7, 2015851
List the prime factors of 599568789.
3, 41, 4874543
List the prime factors of 465280542.
2, 3, 47, 549977
List the prime factors of 219147878.
2, 3359, 32621
List the prime factors of 540532057.
13, 3119, 13331
List the prime factors of 828219038.
2, 179, 2313461
List the prime factors of 5177601.
3, 11, 13, 149
List the prime factors of 313352308.
2, 29, 191, 14143
What are the prime factors of 377898901?
23, 1721, 9547
What are the prime factors of 944616331?
19, 49716649
List the prime factors of 78422161.
78422161
List the prime factors of 746746839.
3, 29, 37, 53, 1459
List the prime factors of 790574518.
2, 61, 367, 17657
List the prime factors of 114588514.
2, 57294257
What are the prime factors of 105400108?
2, 11, 971, 2467
List the prime factors of 1458021042.
2, 3, 81001169
What are the prime factors of 1295601255?
3, 5, 13, 71, 31193
What are the prime factors of 67612555?
5, 43, 47, 6691
List the prime factors of 212227295.
5, 7, 487, 12451
What are the prime factors of 2032296339?
3, 677432113
What are the prime factors of 1494307843?
7, 197, 1033, 1049
What are the prime factors of 41942967?
3, 11, 421, 3019
List the prime factors of 241788027.
3, 13, 6199693
What are the prime factors of 19879720?
2, 5, 7, 70999
List the prime factors of 267967988.
2, 66991997
What are the prime factors of 450187717?
7, 23, 223, 12539
List the prime factors of 3039626611.
7, 2003, 216791
List the prime factors of 271024637.
13, 41, 508489
List the prime factors of 1234640260.
2, 5, 7, 113, 11149
What are the prime factors of 234822447?
3, 241, 108263
What are the prime factors of 109164511?
109164511
What are the prime factors of 5305115106?
2, 3, 294728617
What are the prime factors of 1641030342?
2, 3, 7, 19, 631, 3259
List the prime factors of 1425372231.
3, 73, 6508549
List the prime factors of 772870199.
73, 145031
List the prime factors of 132176375.
5, 1057411
What are the prime factors of 238055958?
2, 3, 7, 67, 163, 173
List the prime factors of 42850111.
19, 2255269
List the prime factors of 8351207.
8351207
What are the prime factors of 8521578759?
3, 2840526253
What are the prime factors of 4853422925?
5, 13, 83, 179923
List the prime factors of 4727418394.
2, 2363709197
What are the prime factors of 87799694?
2, 23, 53, 36013
List the prime factors of 34636194.
2, 3, 641411
What are the prime factors of 657527784?
2, 3, 61, 449131
What are the prime factors of 4578736920?
2, 3, 5, 29, 1315729
List the prime factors of 391927109.
7, 55989587
What are the prime factors of 79377667?
127, 617, 1013
List the prime factors of 210124551.
3, 7, 13, 769687
What are the prime factors of 40335130?
2, 5, 11, 366683
What are the prime factors of 3207456072?
2, 3, 44548001
What are the prime factors of 157132916?
2, 53, 741193
List the prime factors of 10461333.
3, 3487111
What are the prime factors of 1122788169?
3, 157, 264871
List the prime factors of 381495389.
11, 34681399
What are the prime factors of 1137270488?
2, 17, 491899
List the prime factors of 3022146450.
2, 3, 5, 746209
What are the prime factors of 185627154?
2, 3, 97, 313, 1019
List the prime factors of 414609515.
5, 17, 286927
List the prime factors of 4140985303.
7, 13, 45505333
List the prime factors of 3353896207.
19, 176520853
What are the prime factors of 508561570?
2, 5, 11, 4623287
List the prime factors of 84821080.
2, 5, 269, 7883
List the prime factors of 1581788412.
2, 3, 29, 168347
What are the prime factors of 61572503?
61572503
List the prime factors of 162781820.
2, 5, 277, 29383
What are the prime factors of 465326398?
2, 232663199
List the prime factors of 853882994.
2, 426941497
List the prime factors of 1200653007.
3, 19463, 20563
What are the prime factors of 1274507577?
3, 7, 563, 35933
List the prime factors of 55900217.
61, 71, 12907
List the prime factors of 281665672.
2, 2393, 14713
What are the prime factors of 804697416?
2, 3, 89, 4651
What are the prime factors of 56684212?
2, 13, 29, 37589
List the prime factors of 72995332.
2, 18248833
List the prime factors of 14638064.
2, 7, 18671
What are the prime factors of 24293687?
11, 2208517
What are the prime factors of 29908825?
5, 1013, 1181
List the prime factors of 2123378974.
2, 1061689487
What are the prime factors of 2746140?
2, 3, 5, 37, 1237
List the prime factors of 773695958.
2, 7, 55263997
What are the prime factors of 116941157?
2621, 44617
What are the prime factors of 76427651?
4789, 15959
List the prime factors of 832049803.
13, 64003831
List the prime factors of 140282646.
2, 3, 7, 1789, 1867
List the prime factors of 95824359.
3, 17, 761, 823
What are the prime factors of 425051124?
2, 3, 157, 225611
List the prime factors of 1494732945.
3, 5, 19, 443, 11839
What are the prime factors of 1130981305?
5, 277, 816593
What are the prime factors of 3872351064?
2, 3, 887, 181903
List the prime factors of 1630551927.
3, 37, 239, 61463
List the prime factors of 303539700.
2, 3, 5, 1011799
What are the prime factors of 1040884869?
3, 191, 1816553
List the prime factors of 152219846.
2, 67, 1135969
What are the prime factors of 94881509?
23, 439, 9397
What are the prime factors of 129124682?
2, 607, 106363
What are the prime factors of 42251398?
2, 7, 3017957
List the prime factors of 122168851.
7, 17, 29, 35401
List the prime factors of 74467506.
2, 3, 107, 193, 601
What are the prime factors of 388833151?
7, 317, 175229
What are the prime factors of 2225785865?
5, 8231, 54083
What are the prime factors of 113977134?
2, 3, 29, 97, 2251
What are the prime factors of 1188645020?
2, 5, 59432251
List the prime factors of 90415430.
2, 5, 7, 349, 3701
List the prime factors of 5055968.
2, 157999
What are the prime factors of 59518097?
59518097
List the prime factors of 54617111.
23, 97, 24481
What are the prime factors of 3583749545?
5, 211, 353, 9623
List the prime factors of 46156348.
2, 7, 1648441
What are the prime factors of 1009497669?
3, 23, 14630401
What are the prime factors of 73755639?
3, 17, 239, 2017
What are the prime factors of 42412109?
42412109
List the prime factors of 268464457.
131, 2049347
List the prime factors of 52439467.
52439467
List the prime factors of 151488360.
2, 3, 5, 17, 37, 223
List the prime factors of 45536559.
3, 19, 798887
What are the prime factors of 3260729331?
3, 120767753
List the prime factors of 254002904.
2, 31750363
List the prime factors of 9664048.
2, 23, 26261
List the prime factors of 1451699269.
919, 1579651
What are the prime factors of 74691157?
74691157
What are the prime factors of 110393367?
3, 7, 137, 38371
What are the prime factors of 1607632080?
2, 3, 5, 6698467
List the prime factors of 3442880.
2, 5, 7, 29, 53
List the prime factors of 457427354.
2, 59, 107, 36229
What are the prime factors of 343696902?
2, 3, 233, 245849
List the prime factors of 660081286.
2, 1663, 198461
List the prime factors of 699620307.
3, 31, 7522799
List the prime factors of 162893601.
3, 13, 1392253
List the prime factors of 1126813049.
229, 4920581
List the prime factors of 3109861569.
3, 383, 911, 2971
What are the prime factors of 1674125588?
2, 418531397
What are the prime factors of 188860985?
5, 151, 250147
What are the prime factors of 766686943?
11, 5737, 12149
What are the prime factors of 107022859?
3299, 32441
What are the prime factors of 2105251562?
2, 1052625781
What are the prime factors of 224219394?
2, 3, 7, 101, 839
What are the prime factors of 22119707?
101, 389, 563
List the prime factors of 329132347.
463, 641, 1109
List the prime factors of 1048508840.
2, 5, 353, 74257
List the prime factors of 907914514.
2, 13, 149, 234361
What are the prime factors of 1735904510?
2, 5, 17, 600659
What are the prime factors of 78769218?
2, 3, 11, 1193473
List the prime factors of 2925716388.
2, 3, 7, 17, 29, 31, 43, 53
What are the prime factors of 30487044?
2, 3, 7, 362941
List the prime factors of 73490606.
2, 7, 331, 15859
What are the prime factors of 6694265187?
3, 7001, 106243
What are the prime factors of 800575413?
3, 11, 2425